at is the greatest common factor of 7 and 5005?
7
What is the highest common divisor of 22178 and 1612?
26
Calculate the highest common divisor of 5100 and 5305.
5
What is the highest common factor of 70 and 4310?
10
Calculate the greatest common factor of 56 and 3272.
8
Calculate the greatest common divisor of 520068 and 120.
12
Calculate the highest common factor of 78672 and 2112.
528
Calculate the highest common divisor of 64206 and 108.
54
Calculate the highest common factor of 170126 and 190.
38
What is the greatest common factor of 1530 and 34290?
90
Calculate the highest common divisor of 108088 and 8.
8
Calculate the highest common divisor of 225 and 423.
9
What is the greatest common divisor of 10 and 36794?
2
Calculate the highest common divisor of 128240 and 17920.
560
Calculate the greatest common factor of 11984 and 2446448.
1712
Calculate the highest common divisor of 69 and 4845732.
69
What is the greatest common factor of 235 and 223673?
47
Calculate the greatest common divisor of 9 and 29871.
9
What is the greatest common divisor of 43 and 1076419?
43
Calculate the highest common factor of 342 and 369.
9
Calculate the highest common factor of 3432 and 28776.
264
Calculate the greatest common divisor of 43522 and 143067.
463
What is the greatest common factor of 75 and 15942?
3
What is the highest common factor of 208 and 90324?
52
Calculate the greatest common divisor of 5433838 and 1772.
886
Calculate the highest common divisor of 1917 and 441.
9
Calculate the greatest common divisor of 59 and 14219.
59
What is the highest common factor of 945 and 2437155?
945
Calculate the highest common factor of 233392 and 464.
464
Calculate the greatest common factor of 32 and 272232.
8
Calculate the greatest common factor of 24 and 80800.
8
Calculate the greatest common factor of 380 and 71740.
20
What is the highest common factor of 2032 and 151003?
127
Calculate the greatest common divisor of 293 and 950.
1
Calculate the greatest common factor of 10297413 and 237.
237
Calculate the greatest common factor of 361235 and 175.
35
Calculate the greatest common divisor of 35 and 341870.
5
Calculate the highest common divisor of 5267 and 1288.
23
What is the highest common divisor of 611 and 34151?
13
Calculate the greatest common divisor of 58558 and 158723.
1541
Calculate the highest common divisor of 8217 and 1056.
33
What is the highest common divisor of 3600 and 3312?
144
What is the greatest common factor of 115388 and 182?
182
Calculate the greatest common factor of 16 and 1712.
16
What is the highest common divisor of 79992 and 9?
9
What is the greatest common factor of 343 and 37632?
49
What is the highest common factor of 408 and 1594056?
408
What is the highest common factor of 42875 and 1975?
25
Calculate the highest common divisor of 10908 and 5050.
202
What is the highest common divisor of 27 and 1757997?
27
What is the highest common factor of 6902 and 714?
238
Calculate the greatest common factor of 324 and 486774.
18
What is the greatest common factor of 84 and 1306572?
12
What is the greatest common factor of 125239 and 6307?
901
Calculate the highest common factor of 15635 and 112985.
295
Calculate the highest common divisor of 136 and 125698.
34
What is the highest common factor of 1 and 1068191?
1
Calculate the greatest common factor of 456688 and 7038.
782
Calculate the greatest common divisor of 25 and 112025.
25
Calculate the highest common factor of 68193 and 162.
9
Calculate the greatest common factor of 392 and 1127.
49
What is the greatest common divisor of 800 and 703600?
400
What is the greatest common factor of 200 and 4460?
20
What is the greatest common divisor of 185890 and 116?
58
What is the greatest common factor of 1764 and 56700?
252
What is the greatest common factor of 7725 and 3150?
75
Calculate the greatest common divisor of 28988 and 8.
4
What is the greatest common divisor of 712 and 53044?
356
What is the highest common factor of 33 and 78573?
33
What is the greatest common factor of 73644 and 204?
204
What is the greatest common divisor of 508 and 320?
4
What is the greatest common factor of 269555 and 10527?
319
Calculate the greatest common factor of 72 and 9522.
18
Calculate the greatest common divisor of 24786 and 3621.
51
Calculate the highest common divisor of 426700 and 753.
251
Calculate the highest common divisor of 1323 and 182.
7
Calculate the highest common factor of 33 and 165297.
33
Calculate the highest common divisor of 232765 and 10.
5
Calculate the greatest common factor of 13938 and 46056.
606
Calculate the greatest common factor of 11627 and 87731.
1057
Calculate the highest common factor of 10251 and 85.
17
What is the highest common divisor of 19127 and 93?
31
What is the greatest common factor of 7776 and 18252?
108
Calculate the highest common divisor of 59244 and 24.
12
What is the greatest common factor of 5611 and 7421?
181
Calculate the highest common divisor of 1638 and 16506.
126
What is the highest common factor of 101857 and 42?
7
What is the greatest common divisor of 1200 and 79320?
120
What is the greatest common divisor of 31560 and 390?
30
What is the highest common divisor of 407 and 298331?
407
Calculate the greatest common divisor of 825 and 82170.
165
Calculate the greatest common factor of 2197449 and 729.
243
What is the greatest common divisor of 233865 and 855?
45
What is the greatest common divisor of 12 and 6414?
6
What is the highest common divisor of 3143 and 665867?
449
Calculate the highest common factor of 1280 and 5573120.
1280
What is the highest common divisor of 172 and 380636?
172
What is the greatest common factor of 30 and 255198?
6
Calculate the greatest common factor of 31635461 and 143.
143
Calculate the greatest common factor of 75341 and 5593.
329
Calculate the highest common factor of 163639 and 97.
97
Calculate the greatest common divisor of 515185 and 44935.
1045
What is the greatest common divisor of 144 and 13968?
144
Calculate the greatest common factor of 5847 and 12.
3
Calculate the greatest common factor of 14 and 136738.
14
What is the greatest common factor of 1043 and 6482?
7
What is the greatest common factor of 42490 and 945?
35
Calculate the greatest common factor of 2037 and 273.
21
Calculate the greatest common divisor of 396 and 50512.
44
Calculate the greatest common divisor of 7650 and 3519.
153
Calculate the greatest common factor of 1519 and 220999.
31
What is the highest common divisor of 81504 and 576?
288
Calculate the highest common factor of 175 and 3900.
25
What is the highest common factor of 208321 and 164?
41
What is the greatest common factor of 5050 and 1850?
50
What is the highest common factor of 101490 and 170?
170
Calculate the greatest common factor of 110 and 26950.
110
Calculate the highest common factor of 2536 and 1585.
317
Calculate the greatest common divisor of 31230 and 18.
18
What is the greatest common divisor of 30 and 503640?
30
Calculate the greatest common divisor of 116 and 273818.
58
Calculate the highest common factor of 576 and 8199.
9
What is the greatest common factor of 25 and 98225?
25
Calculate the highest common factor of 24 and 1443120.
24
Calculate the greatest common factor of 9 and 4798449.
9
What is the highest common factor of 100 and 16150?
50
What is the highest common factor of 18 and 35142?
6
What is the highest common factor of 2952 and 3567?
123
What is the highest common factor of 490260 and 160?
20
Calculate the highest common factor of 2634 and 16.
2
Calculate the greatest common divisor of 808045 and 385.
35
What is the greatest common factor of 396 and 182864?
44
What is the highest common divisor of 4650 and 79025?
25
What is the highest common divisor of 9180 and 37740?
1020
What is the highest common factor of 2446872 and 48?
24
Calculate the highest common divisor of 152 and 5088.
8
Calculate the greatest common factor of 2480 and 1906810.
310
What is the highest common divisor of 22638 and 380044?
686
What is the highest common divisor of 9 and 26181?
9
Calculate the greatest common factor of 561 and 867.
51
Calculate the greatest common factor of 427 and 171349.
61
What is the highest common factor of 950175 and 675?
225
Calculate the highest c